{"id":17,"date":"2023-04-19T17:39:06","date_gmt":"2023-04-19T17:39:06","guid":{"rendered":"https:\/\/cepad.es\/santaeularia\/?page_id=17"},"modified":"2023-04-22T11:02:47","modified_gmt":"2023-04-22T11:02:47","slug":"benvinguts-udes","status":"publish","type":"page","link":"https:\/\/cepad.es\/santaeularia\/","title":{"rendered":"Benvinguts\/udes!"},"content":{"rendered":"<p>Benvinguts a la p\u00e0gina web del Centre de Protecci\u00f3 d\u2019Animals dom\u00e8stic de l\u2019Ajuntament de Santa Eul\u00e0ria des Riu. Si us plau, dediqueu un temps a revisar els continguts i l\u2019apartat de <a href=\"https:\/\/cepad.es\/santaeularia\/faqs\/\">Preguntes freq\u00fcents<\/a>.<\/p>\n<p><strong>Horari visita \/ atenci\u00f3 al p\u00fablic a les instal\u00b7lacions del CEPAD<\/strong><\/p>\n<ul>\n<li>Nom\u00e9s s\u2019atendr\u00e0 presencialment amb cita pr\u00e8via (Tel: 685944899)<\/li>\n<li>De dilluns a dissabte de 9:00 a 14:00 hores.<\/li>\n<li>Diumenge i Festius tancat.<\/li>\n<\/ul>\n<p><strong>Tel\u00e8fon de contacte:<\/strong><br \/>\n685944899<\/p>\n<p><strong>Preguntes Freq\u00fcents:<\/strong><br \/>\nUs pregam que consulteu l\u2019apartat de preguntes freq\u00fcents abans de telefonar. Molts dels dubtes es poden aclarir aquest apartat de\u00a0 <a href=\"https:\/\/cepad.es\/santaeularia\/faqs\/\">Preguntes Freq\u00fcents<\/a><\/p>\n<p>&nbsp;<\/p>\n<h3><strong>Bienvenidos\/Bienvenidas!!!<\/strong><\/h3>\n<p>Bienvenidos a la p\u00e1gina web del Centro de Protecci\u00f3n de Animales Dom\u00e9sticos del Ayuntamiento de Santa Eul\u00e0ria des Riu. Por favor, dedicad un momento a revisar los contenidos y el apartado de <a href=\"https:\/\/cepad.es\/santaeularia\/faqs\/\">Preguntas Frecuentes.<\/a><\/p>\n<p><strong>Horario de visita \/ atenci\u00f3n al p\u00fablico a las instalaciones del CEPAD<\/strong><\/p>\n<ul>\n<li>S\u00f3lo se atender\u00e1 presencialmente con cita previa (Tel: 685944899)<\/li>\n<li>De lunes a s\u00e1bado de 9:00 a 14:00 horas.<\/li>\n<li>Domigos y Festivos CERRADO.<\/li>\n<\/ul>\n<p><strong>Tel\u00e9fono de contacto:<\/strong><br \/>\n685944899<\/p>\n<p><strong>Preguntas Frecuentes:<\/strong><br \/>\nRogamos que consult\u00e9is el apartado de preguntas frecuentes antes de llamar. Muchas dudas pueden aclararse en este apartado de <a href=\"https:\/\/cepad.es\/santaeularia\/faqs\/\">Preguntas Frecuentes<\/a><\/p>\n","protected":false},"excerpt":{"rendered":"<p>Benvinguts a la p\u00e0gina web del Centre de Protecci\u00f3 d\u2019Animals dom\u00e8stic de l\u2019Ajuntament de Santa Eul\u00e0ria des Riu. Si us plau, dediqueu un temps a&hellip;<\/p>\n","protected":false},"author":1,"featured_media":0,"parent":0,"menu_order":0,"comment_status":"closed","ping_status":"closed","template":"","meta":{"footnotes":""},"class_list":["post-17","page","type-page","status-publish","hentry","no-post-thumbnail"],"yoast_head":"<!-- This site is optimized with the Yoast SEO plugin v24.4 - https:\/\/yoast.com\/wordpress\/plugins\/seo\/ -->\n<title>Benvinguts\/udes! - CEPAD Santa Eul\u00e0ria des Riu<\/title>\n<meta name=\"robots\" content=\"index, follow, max-snippet:-1, max-image-preview:large, max-video-preview:-1\" \/>\n<link rel=\"canonical\" href=\"https:\/\/cepad.es\/santaeularia\/\" \/>\n<meta property=\"og:locale\" content=\"ca_ES\" \/>\n<meta property=\"og:type\" content=\"article\" \/>\n<meta property=\"og:title\" content=\"Benvinguts\/udes! - CEPAD Santa Eul\u00e0ria des Riu\" \/>\n<meta property=\"og:description\" content=\"Benvinguts a la p\u00e0gina web del Centre de Protecci\u00f3 d\u2019Animals dom\u00e8stic de l\u2019Ajuntament de Santa Eul\u00e0ria des Riu. Si us plau, dediqueu un temps a&hellip;\" \/>\n<meta property=\"og:url\" content=\"https:\/\/cepad.es\/santaeularia\/\" \/>\n<meta property=\"og:site_name\" content=\"CEPAD Santa Eul\u00e0ria des Riu\" \/>\n<meta property=\"article:modified_time\" content=\"2023-04-22T11:02:47+00:00\" \/>\n<meta name=\"twitter:card\" content=\"summary_large_image\" \/>\n<meta name=\"twitter:label1\" content=\"Temps estimat de lectura\" \/>\n\t<meta name=\"twitter:data1\" content=\"1 minut\" \/>\n<script type=\"application\/ld+json\" class=\"yoast-schema-graph\">{\"@context\":\"https:\/\/schema.org\",\"@graph\":[{\"@type\":\"WebPage\",\"@id\":\"https:\/\/cepad.es\/santaeularia\/\",\"url\":\"https:\/\/cepad.es\/santaeularia\/\",\"name\":\"Benvinguts\/udes! - CEPAD Santa Eul\u00e0ria des Riu\",\"isPartOf\":{\"@id\":\"https:\/\/cepad.es\/santaeularia\/#website\"},\"datePublished\":\"2023-04-19T17:39:06+00:00\",\"dateModified\":\"2023-04-22T11:02:47+00:00\",\"breadcrumb\":{\"@id\":\"https:\/\/cepad.es\/santaeularia\/#breadcrumb\"},\"inLanguage\":\"ca\",\"potentialAction\":[{\"@type\":\"ReadAction\",\"target\":[\"https:\/\/cepad.es\/santaeularia\/\"]}]},{\"@type\":\"BreadcrumbList\",\"@id\":\"https:\/\/cepad.es\/santaeularia\/#breadcrumb\",\"itemListElement\":[{\"@type\":\"ListItem\",\"position\":1,\"name\":\"Inici\",\"item\":\"https:\/\/cepad.es\/santaeularia\/\"},{\"@type\":\"ListItem\",\"position\":2,\"name\":\"Benvinguts\/udes!\"}]},{\"@type\":\"WebSite\",\"@id\":\"https:\/\/cepad.es\/santaeularia\/#website\",\"url\":\"https:\/\/cepad.es\/santaeularia\/\",\"name\":\"CEPAD Santa Eul\u00e0ria des Riu\",\"description\":\"Centre de Protecci\u00f3 d&#039;Animals Dom\u00e8stics\",\"publisher\":{\"@id\":\"https:\/\/cepad.es\/santaeularia\/#organization\"},\"potentialAction\":[{\"@type\":\"SearchAction\",\"target\":{\"@type\":\"EntryPoint\",\"urlTemplate\":\"https:\/\/cepad.es\/santaeularia\/?s={search_term_string}\"},\"query-input\":{\"@type\":\"PropertyValueSpecification\",\"valueRequired\":true,\"valueName\":\"search_term_string\"}}],\"inLanguage\":\"ca\"},{\"@type\":\"Organization\",\"@id\":\"https:\/\/cepad.es\/santaeularia\/#organization\",\"name\":\"CEPAD Santa Eul\u00e0ria des Riu\",\"url\":\"https:\/\/cepad.es\/santaeularia\/\",\"logo\":{\"@type\":\"ImageObject\",\"inLanguage\":\"ca\",\"@id\":\"https:\/\/cepad.es\/santaeularia\/#\/schema\/logo\/image\/\",\"url\":\"https:\/\/cepad.es\/santaeularia\/wp-content\/uploads\/2023\/04\/cropped-cropped-cropped-logo-cepad-jpg-1.jpeg\",\"contentUrl\":\"https:\/\/cepad.es\/santaeularia\/wp-content\/uploads\/2023\/04\/cropped-cropped-cropped-logo-cepad-jpg-1.jpeg\",\"width\":512,\"height\":490,\"caption\":\"CEPAD Santa Eul\u00e0ria des Riu\"},\"image\":{\"@id\":\"https:\/\/cepad.es\/santaeularia\/#\/schema\/logo\/image\/\"}}]}<\/script>\n<!-- \/ Yoast SEO plugin. -->","yoast_head_json":{"title":"Benvinguts\/udes! - CEPAD Santa Eul\u00e0ria des Riu","robots":{"index":"index","follow":"follow","max-snippet":"max-snippet:-1","max-image-preview":"max-image-preview:large","max-video-preview":"max-video-preview:-1"},"canonical":"https:\/\/cepad.es\/santaeularia\/","og_locale":"ca_ES","og_type":"article","og_title":"Benvinguts\/udes! - CEPAD Santa Eul\u00e0ria des Riu","og_description":"Benvinguts a la p\u00e0gina web del Centre de Protecci\u00f3 d\u2019Animals dom\u00e8stic de l\u2019Ajuntament de Santa Eul\u00e0ria des Riu. Si us plau, dediqueu un temps a&hellip;","og_url":"https:\/\/cepad.es\/santaeularia\/","og_site_name":"CEPAD Santa Eul\u00e0ria des Riu","article_modified_time":"2023-04-22T11:02:47+00:00","twitter_card":"summary_large_image","twitter_misc":{"Temps estimat de lectura":"1 minut"},"schema":{"@context":"https:\/\/schema.org","@graph":[{"@type":"WebPage","@id":"https:\/\/cepad.es\/santaeularia\/","url":"https:\/\/cepad.es\/santaeularia\/","name":"Benvinguts\/udes! - CEPAD Santa Eul\u00e0ria des Riu","isPartOf":{"@id":"https:\/\/cepad.es\/santaeularia\/#website"},"datePublished":"2023-04-19T17:39:06+00:00","dateModified":"2023-04-22T11:02:47+00:00","breadcrumb":{"@id":"https:\/\/cepad.es\/santaeularia\/#breadcrumb"},"inLanguage":"ca","potentialAction":[{"@type":"ReadAction","target":["https:\/\/cepad.es\/santaeularia\/"]}]},{"@type":"BreadcrumbList","@id":"https:\/\/cepad.es\/santaeularia\/#breadcrumb","itemListElement":[{"@type":"ListItem","position":1,"name":"Inici","item":"https:\/\/cepad.es\/santaeularia\/"},{"@type":"ListItem","position":2,"name":"Benvinguts\/udes!"}]},{"@type":"WebSite","@id":"https:\/\/cepad.es\/santaeularia\/#website","url":"https:\/\/cepad.es\/santaeularia\/","name":"CEPAD Santa Eul\u00e0ria des Riu","description":"Centre de Protecci\u00f3 d&#039;Animals Dom\u00e8stics","publisher":{"@id":"https:\/\/cepad.es\/santaeularia\/#organization"},"potentialAction":[{"@type":"SearchAction","target":{"@type":"EntryPoint","urlTemplate":"https:\/\/cepad.es\/santaeularia\/?s={search_term_string}"},"query-input":{"@type":"PropertyValueSpecification","valueRequired":true,"valueName":"search_term_string"}}],"inLanguage":"ca"},{"@type":"Organization","@id":"https:\/\/cepad.es\/santaeularia\/#organization","name":"CEPAD Santa Eul\u00e0ria des Riu","url":"https:\/\/cepad.es\/santaeularia\/","logo":{"@type":"ImageObject","inLanguage":"ca","@id":"https:\/\/cepad.es\/santaeularia\/#\/schema\/logo\/image\/","url":"https:\/\/cepad.es\/santaeularia\/wp-content\/uploads\/2023\/04\/cropped-cropped-cropped-logo-cepad-jpg-1.jpeg","contentUrl":"https:\/\/cepad.es\/santaeularia\/wp-content\/uploads\/2023\/04\/cropped-cropped-cropped-logo-cepad-jpg-1.jpeg","width":512,"height":490,"caption":"CEPAD Santa Eul\u00e0ria des Riu"},"image":{"@id":"https:\/\/cepad.es\/santaeularia\/#\/schema\/logo\/image\/"}}]}},"_links":{"self":[{"href":"https:\/\/cepad.es\/santaeularia\/wp-json\/wp\/v2\/pages\/17","targetHints":{"allow":["GET"]}}],"collection":[{"href":"https:\/\/cepad.es\/santaeularia\/wp-json\/wp\/v2\/pages"}],"about":[{"href":"https:\/\/cepad.es\/santaeularia\/wp-json\/wp\/v2\/types\/page"}],"author":[{"embeddable":true,"href":"https:\/\/cepad.es\/santaeularia\/wp-json\/wp\/v2\/users\/1"}],"replies":[{"embeddable":true,"href":"https:\/\/cepad.es\/santaeularia\/wp-json\/wp\/v2\/comments?post=17"}],"version-history":[{"count":2,"href":"https:\/\/cepad.es\/santaeularia\/wp-json\/wp\/v2\/pages\/17\/revisions"}],"predecessor-version":[{"id":82,"href":"https:\/\/cepad.es\/santaeularia\/wp-json\/wp\/v2\/pages\/17\/revisions\/82"}],"wp:attachment":[{"href":"https:\/\/cepad.es\/santaeularia\/wp-json\/wp\/v2\/media?parent=17"}],"curies":[{"name":"wp","href":"https:\/\/api.w.org\/{rel}","templated":true}]}}