{"id":32,"date":"2023-04-19T18:09:48","date_gmt":"2023-04-19T18:09:48","guid":{"rendered":"https:\/\/cepad.es\/santaeularia\/?page_id=32"},"modified":"2025-02-06T21:24:23","modified_gmt":"2025-02-06T21:24:23","slug":"gats-gatos","status":"publish","type":"page","link":"https:\/\/cepad.es\/santaeularia\/gats-gatos\/","title":{"rendered":"Gats\/Gatos"},"content":{"rendered":"<p><script>\nfunction asm3_adoptable_filter(a, index, arr) {\n    return (a.SPECIESNAME == \"Moix\" && a.PICKUPLOCATIONID == \"66\");\n}\nasm3_adoptable_extra = function(a) {\n  if (a.SHELTERCODE) { s += \"<br \/>N\u00fam de registro: \" + a.PICKUPLOCATIONNAME; }\n    var s = a.SHELTERCODE + \"<\/BR>\" +  \"<strong>Raza<\/strong>: \" + a. BREEDNAME + \"<\/BR>\" + \"<strong>Sexo<\/strong>: \" + a. SEXNAME + \"<\/BR>\" + \"<strong>Tama\u00f1o<\/strong>: \" + a. SIZENAME + \"<\/BR>\" + \"<strong>Edad<\/strong>: \" + a. ANIMALAGE + \"<\/BR>\" +\"<strong>Estado<\/strong>: \" + a.ENTRYREASONNAME + \"<\/BR>\";\n    if (a.HASACTIVERESERVE) { s += \"<br \/><strong>RESERVADO<\/strong>\"; }\n    return s;\n}\nasm3_adoptable_iframe = true;\nasm3_adoptable_sort = \"-@DATEBROUGHTIN\";\nasm3_adoptable_iframe_bgcolor = \"#F1E6E4\";\nasm3_adoptable_filters = \"sex breed size age\";\nasm3_adoptable_translations = {\n    \"CLOSE\": \"Cerrar\",\n\"(any breed)\": \"Raza\",\n\"(any size)\": \"Tama\u00f1o\",\n\"(any sex)\": \"Sexo\",\n\"Mascle\": \"Macho\",\n\"Femella\": \"Hembra\",\n\"Petit\": \"Peque\u00f1o\",\n\"Gros\": \"Grande\",\n\"Mitj\u00e0\": \"Mediano\",\n\"Molt gros\": \"Muy grande\",\n}\n<\/script><\/p>\n<div id=\"asm3-adoptables\"><\/div>\n<p><script src=\"https:\/\/service.sheltermanager.com\/asmservice?method=animal_view_adoptable_js&amp;account=mg1520\"><\/script><\/p>\n","protected":false},"excerpt":{"rendered":"","protected":false},"author":1,"featured_media":0,"parent":0,"menu_order":0,"comment_status":"closed","ping_status":"closed","template":"","meta":{"footnotes":""},"class_list":["post-32","page","type-page","status-publish","hentry","no-post-thumbnail"],"yoast_head":"<!-- This site is optimized with the Yoast SEO plugin v24.4 - https:\/\/yoast.com\/wordpress\/plugins\/seo\/ -->\n<title>Gats\/Gatos - CEPAD Santa Eul\u00e0ria des Riu<\/title>\n<meta name=\"robots\" content=\"index, follow, max-snippet:-1, max-image-preview:large, max-video-preview:-1\" \/>\n<link rel=\"canonical\" href=\"https:\/\/cepad.es\/santaeularia\/gats-gatos\/\" \/>\n<meta property=\"og:locale\" content=\"ca_ES\" \/>\n<meta property=\"og:type\" content=\"article\" \/>\n<meta property=\"og:title\" content=\"Gats\/Gatos - CEPAD Santa Eul\u00e0ria des Riu\" \/>\n<meta property=\"og:url\" content=\"https:\/\/cepad.es\/santaeularia\/gats-gatos\/\" \/>\n<meta property=\"og:site_name\" content=\"CEPAD Santa Eul\u00e0ria des Riu\" \/>\n<meta property=\"article:modified_time\" content=\"2025-02-06T21:24:23+00:00\" \/>\n<meta name=\"twitter:card\" content=\"summary_large_image\" \/>\n<meta name=\"twitter:label1\" content=\"Temps estimat de lectura\" \/>\n\t<meta name=\"twitter:data1\" content=\"1 minut\" \/>\n<script type=\"application\/ld+json\" class=\"yoast-schema-graph\">{\"@context\":\"https:\/\/schema.org\",\"@graph\":[{\"@type\":\"WebPage\",\"@id\":\"https:\/\/cepad.es\/santaeularia\/gats-gatos\/\",\"url\":\"https:\/\/cepad.es\/santaeularia\/gats-gatos\/\",\"name\":\"Gats\/Gatos - CEPAD Santa Eul\u00e0ria des Riu\",\"isPartOf\":{\"@id\":\"https:\/\/cepad.es\/santaeularia\/#website\"},\"datePublished\":\"2023-04-19T18:09:48+00:00\",\"dateModified\":\"2025-02-06T21:24:23+00:00\",\"breadcrumb\":{\"@id\":\"https:\/\/cepad.es\/santaeularia\/gats-gatos\/#breadcrumb\"},\"inLanguage\":\"ca\",\"potentialAction\":[{\"@type\":\"ReadAction\",\"target\":[\"https:\/\/cepad.es\/santaeularia\/gats-gatos\/\"]}]},{\"@type\":\"BreadcrumbList\",\"@id\":\"https:\/\/cepad.es\/santaeularia\/gats-gatos\/#breadcrumb\",\"itemListElement\":[{\"@type\":\"ListItem\",\"position\":1,\"name\":\"Inici\",\"item\":\"https:\/\/cepad.es\/santaeularia\/\"},{\"@type\":\"ListItem\",\"position\":2,\"name\":\"Gats\/Gatos\"}]},{\"@type\":\"WebSite\",\"@id\":\"https:\/\/cepad.es\/santaeularia\/#website\",\"url\":\"https:\/\/cepad.es\/santaeularia\/\",\"name\":\"CEPAD Santa Eul\u00e0ria des Riu\",\"description\":\"Centre de Protecci\u00f3 d&#039;Animals Dom\u00e8stics\",\"publisher\":{\"@id\":\"https:\/\/cepad.es\/santaeularia\/#organization\"},\"potentialAction\":[{\"@type\":\"SearchAction\",\"target\":{\"@type\":\"EntryPoint\",\"urlTemplate\":\"https:\/\/cepad.es\/santaeularia\/?s={search_term_string}\"},\"query-input\":{\"@type\":\"PropertyValueSpecification\",\"valueRequired\":true,\"valueName\":\"search_term_string\"}}],\"inLanguage\":\"ca\"},{\"@type\":\"Organization\",\"@id\":\"https:\/\/cepad.es\/santaeularia\/#organization\",\"name\":\"CEPAD Santa Eul\u00e0ria des Riu\",\"url\":\"https:\/\/cepad.es\/santaeularia\/\",\"logo\":{\"@type\":\"ImageObject\",\"inLanguage\":\"ca\",\"@id\":\"https:\/\/cepad.es\/santaeularia\/#\/schema\/logo\/image\/\",\"url\":\"https:\/\/cepad.es\/santaeularia\/wp-content\/uploads\/2023\/04\/cropped-cropped-cropped-logo-cepad-jpg-1.jpeg\",\"contentUrl\":\"https:\/\/cepad.es\/santaeularia\/wp-content\/uploads\/2023\/04\/cropped-cropped-cropped-logo-cepad-jpg-1.jpeg\",\"width\":512,\"height\":490,\"caption\":\"CEPAD Santa Eul\u00e0ria des Riu\"},\"image\":{\"@id\":\"https:\/\/cepad.es\/santaeularia\/#\/schema\/logo\/image\/\"}}]}<\/script>\n<!-- \/ Yoast SEO plugin. -->","yoast_head_json":{"title":"Gats\/Gatos - CEPAD Santa Eul\u00e0ria des Riu","robots":{"index":"index","follow":"follow","max-snippet":"max-snippet:-1","max-image-preview":"max-image-preview:large","max-video-preview":"max-video-preview:-1"},"canonical":"https:\/\/cepad.es\/santaeularia\/gats-gatos\/","og_locale":"ca_ES","og_type":"article","og_title":"Gats\/Gatos - CEPAD Santa Eul\u00e0ria des Riu","og_url":"https:\/\/cepad.es\/santaeularia\/gats-gatos\/","og_site_name":"CEPAD Santa Eul\u00e0ria des Riu","article_modified_time":"2025-02-06T21:24:23+00:00","twitter_card":"summary_large_image","twitter_misc":{"Temps estimat de lectura":"1 minut"},"schema":{"@context":"https:\/\/schema.org","@graph":[{"@type":"WebPage","@id":"https:\/\/cepad.es\/santaeularia\/gats-gatos\/","url":"https:\/\/cepad.es\/santaeularia\/gats-gatos\/","name":"Gats\/Gatos - CEPAD Santa Eul\u00e0ria des Riu","isPartOf":{"@id":"https:\/\/cepad.es\/santaeularia\/#website"},"datePublished":"2023-04-19T18:09:48+00:00","dateModified":"2025-02-06T21:24:23+00:00","breadcrumb":{"@id":"https:\/\/cepad.es\/santaeularia\/gats-gatos\/#breadcrumb"},"inLanguage":"ca","potentialAction":[{"@type":"ReadAction","target":["https:\/\/cepad.es\/santaeularia\/gats-gatos\/"]}]},{"@type":"BreadcrumbList","@id":"https:\/\/cepad.es\/santaeularia\/gats-gatos\/#breadcrumb","itemListElement":[{"@type":"ListItem","position":1,"name":"Inici","item":"https:\/\/cepad.es\/santaeularia\/"},{"@type":"ListItem","position":2,"name":"Gats\/Gatos"}]},{"@type":"WebSite","@id":"https:\/\/cepad.es\/santaeularia\/#website","url":"https:\/\/cepad.es\/santaeularia\/","name":"CEPAD Santa Eul\u00e0ria des Riu","description":"Centre de Protecci\u00f3 d&#039;Animals Dom\u00e8stics","publisher":{"@id":"https:\/\/cepad.es\/santaeularia\/#organization"},"potentialAction":[{"@type":"SearchAction","target":{"@type":"EntryPoint","urlTemplate":"https:\/\/cepad.es\/santaeularia\/?s={search_term_string}"},"query-input":{"@type":"PropertyValueSpecification","valueRequired":true,"valueName":"search_term_string"}}],"inLanguage":"ca"},{"@type":"Organization","@id":"https:\/\/cepad.es\/santaeularia\/#organization","name":"CEPAD Santa Eul\u00e0ria des Riu","url":"https:\/\/cepad.es\/santaeularia\/","logo":{"@type":"ImageObject","inLanguage":"ca","@id":"https:\/\/cepad.es\/santaeularia\/#\/schema\/logo\/image\/","url":"https:\/\/cepad.es\/santaeularia\/wp-content\/uploads\/2023\/04\/cropped-cropped-cropped-logo-cepad-jpg-1.jpeg","contentUrl":"https:\/\/cepad.es\/santaeularia\/wp-content\/uploads\/2023\/04\/cropped-cropped-cropped-logo-cepad-jpg-1.jpeg","width":512,"height":490,"caption":"CEPAD Santa Eul\u00e0ria des Riu"},"image":{"@id":"https:\/\/cepad.es\/santaeularia\/#\/schema\/logo\/image\/"}}]}},"_links":{"self":[{"href":"https:\/\/cepad.es\/santaeularia\/wp-json\/wp\/v2\/pages\/32","targetHints":{"allow":["GET"]}}],"collection":[{"href":"https:\/\/cepad.es\/santaeularia\/wp-json\/wp\/v2\/pages"}],"about":[{"href":"https:\/\/cepad.es\/santaeularia\/wp-json\/wp\/v2\/types\/page"}],"author":[{"embeddable":true,"href":"https:\/\/cepad.es\/santaeularia\/wp-json\/wp\/v2\/users\/1"}],"replies":[{"embeddable":true,"href":"https:\/\/cepad.es\/santaeularia\/wp-json\/wp\/v2\/comments?post=32"}],"version-history":[{"count":2,"href":"https:\/\/cepad.es\/santaeularia\/wp-json\/wp\/v2\/pages\/32\/revisions"}],"predecessor-version":[{"id":95,"href":"https:\/\/cepad.es\/santaeularia\/wp-json\/wp\/v2\/pages\/32\/revisions\/95"}],"wp:attachment":[{"href":"https:\/\/cepad.es\/santaeularia\/wp-json\/wp\/v2\/media?parent=32"}],"curies":[{"name":"wp","href":"https:\/\/api.w.org\/{rel}","templated":true}]}}